u + 6 = 0, 3*q + 0 = 4*u - 8. Suppose q = 2*d - 0*d - 4, 5*i + 2*d = 29. What is the remainder when i is divided by 3?
2
Let g = 164 + -148. Calculate the remainder when 204 is divided by g.
12
Let h be (84/15)/(((-52)/40)/13). Let c = h - -66. Calculate the remainder when c is divided by 8.
2
Let i(t) = t**2 + 6*t + 4. Let k(g) = g + 1. Let q be k(1). Suppose -18 = q*h - 3*h. What is the remainder when h is divided by i(-7)?
7
Let d = 42 - 30. What is the remainder when (77/21)/((-2)/(-48)*2) is divided by d?
8
Let j(n) = 2*n + 3. Suppose 171 = -5*w - 119. Let u = w + 75. Calculate the remainder when u is divided by j(4).
6
Let j(t) = -t + 16. Let i be j(14). Suppose 11*c = i*c + 441. Suppose -135 + 35 = -4*n. What is the remainder when c is divided by n?
24
What is the remainder when 211 is divided by ((-18)/45)/((-6)/(-360)*-1)?
19
Let s = -572 + 619. Calculate the remainder when s is divided by 8.
7
Let x = -9 + 13. Let m = x + 0. Suppose -y + 38 = 3*r - 0*y, m*y - 20 = 0. What is the remainder when 32 is divided by r?
10
Let o(d) = -d**3 + 6*d**2 + d - 1. Let n = 36 - 32. Calculate the remainder when o(6) is divided by n.
1
Suppose -5*v - 2*j = -13, 0 = v + v + 2*j - 10. Let w be (-12)/(-4) - v - -20. Suppose -4*p + 6*p - w = 0. What is the remainder when p is divided by 3?
2
Suppose -109*b + 438 = -623 - 6460. Let q = 16 + -11. Let o(m) = m**2 + 3*m - 4. What is the remainder when b is divided by o(q)?
33
Let c(f) = -f**3 - 16*f**2 + 2*f + 22. Let h be c(-16). What is the remainder when (-2)/5 + (-294)/h is divided by 8?
5
Let c be (-3 - 0)/(-3) + (4 - 2). Suppose -c*i = -5*m - 0*i + 45, 2*m + 4*i + 8 = 0. What is the remainder when 7 - (-2)/2 - 0 is divided by m?
2
Let n = 2140 + -1985. What is the remainder when n is divided by 78?
77
Let d = 102 - 84. Let p(r) = 7*r**2 + r**3 + 4*r - 2*r**3 + 0 + 7. Calculate the remainder when p(7) is divided by d.
17
What is the remainder when 52 is divided by (-7 - 5)*6/(-9)?
4
What is the remainder when 200 is divided by 12/(-40) + (-5958)/(-60) + 2?
99
Suppose -5*r + 13*w - 12*w = -164, 5*r = 3*w + 162. Calculate the remainder when 328 is divided by r.
31
Let h = -192 - -240. What is the remainder when 182 is divided by h?
38
Suppose 3*w - 4*c = 342, w - 3*c = 6*w - 541. What is the remainder when w is divided by 28?
26
Let o(n) = n**2 + 13*n + 6. What is the remainder when o(8) is divided by 26?
18
Suppose 4 + 0 = 2*c. Suppose 5 = 2*u + 3*s, -c*s - 14 = -4*u + 36. Calculate the remainder when 25 is divided by u.
5
Suppose -10 = -2*l - 26. Calculate the remainder when 42 is divided by l/(-6) - (-124)/6.
20
Suppose -376 = -4*q + 4*u, -3*u = -4*q + 375 - 6. What is the remainder when q is divided by 2 + 0 + 1*16?
15
Let n be -4 + -3 - (-4)/2. Let y = 5 + n. What is the remainder when 15 is divided by 4 + y - -2*1?
3
Let r(d) = 4*d - 22. Let x(t) = t**3 + 5*t**2 + 2*t + 3. Let s be x(-2). Suppose 12 = 2*o - 74. Calculate the remainder when o is divided by r(s).
21
What is the remainder when 3/(-3)*(1 + -23) is divided by 51/(-18) + 3 + 142/12?
10
Suppose -4*u - u + 35 = 0. Suppose 2*k = -5*i + u + 19, -18 = -2*k - 3*i. What is the remainder when k is divided by (-19)/(-247) + 38/13?
0
Let m = -245 + 253. Calculate the remainder when 59 is divided by m.
3
Let u(o) = -2*o**3 - 3*o**2 + 3. Let r(f) = f**3 - f**2 + f. Let y(j) = -r(j) - u(j). Calculate the remainder when 51 is divided by y(-3).
6
Suppose r + x = 2*r - 53, 0 = 4*r - 2*x - 206. What is the remainder when r is divided by 26?
24
Calculate the remainder when 170 is divided by (-1558)/123*(-3)/2.
18
Let g = 138 + -14. Calculate the remainder when 374 is divided by g.
2
Suppose -2*v + 816 = -d, -7*d - 5293 = -13*v - 6*d. Calculate the remainder when v is divided by 16.
7
Let m = -11 + 13. Let f(l) = 4*l - l**m + 0*l - 5*l + 5 + 0. What is the remainder when f(0) is divided by 4?
1
Suppose -4*g - 3*f + 0 = 6, -f - 2 = -g. Suppose -3*o + 8*o - 130 = g. Calculate the remainder when 75 is divided by o.
23
Suppose 344 = -1556*r + 1564*r. Calculate the remainder when r is divided by 22.
21
Let q be (4 - 10)*6/(-4). Let z be (-3)/3 + -3 + q. Suppose 0 = z*x - 2*x - 48. Calculate the remainder when 29 is divided by x.
13
Suppose 4*h + 6 = l + 19, 5*l + 2*h = -21. What is the remainder when (-2238)/(-30) + 1/l*3 is divided by 11?
8
Suppose 2*x - 64 = -u, 0 = -3*x - 0*x - u + 96. Calculate the remainder when 477 is divided by x.
29
Let s(q) = q**2 + 4*q - 7. Let y be s(-5). Let b = -24 - -34. Calculate the remainder when b is divided by 1/y*(0 + -8).
2
Let p(j) = 3*j**3 - 6*j + 4. What is the remainder when 827 is divided by p(2)?
11
Let j be 1*1*(-34 + 1). Let g = j - -45. Calculate the remainder when 21 is divided by g.
9
Let f(v) = -v + 1. Let l(z) = -z**2 - 7*z + 26. Let y(x) = -4*f(x) + l(x). What is the remainder when 31 is divided by y(-5)?
7
Suppose -3*b + 8*b - 33 = 2*x, 0 = -b + 4*x + 21. Let u = b - 17. Let z(j) = -5*j + 11. Calculate the remainder when z(u) is divided by 18.
17
What is the remainder when 83/(-2*(-2)/4) is divided by 29?
25
Suppose 0*t - 174 = 3*t. Let i = t + 69. Calculate the remainder when 41 is divided by i.
8
Suppose -7*j + 3852 = 1367. What is the remainder when j is divided by 89?
88
Let f(g) = -g**3 - 6*g**2 - 30*g - 85. What is the remainder when 44 is divided by f(-4)?
2
Let n(z) = 9*z**2 + 14*z - 79. What is the remainder when n(4) is divided by 32?
25
Suppose 16 = 4*l, f - 4*l = 3*f - 116. Let s be (45/(-10) + 4)*(-4)/(-2). What is the remainder when f is divided by (8 - 35/15)*(s - -4)?
16
Let j(y) be the first derivative of y**3/3 + y**2 - 2*y + 2. Suppose 8*s = -6*s + 42. What is the remainder when 49 is divided by j(s)?
10
Suppose l - 2*l = -7. Suppose -u + 22 = l. Let d = 65 - u. What is the remainder when d is divided by 13?
11
Let c(y) = 3*y**2 + 14*y - 18. Calculate the remainder when c(-10) is divided by 24.
22
Let y be (4 - 44/1)/((-3)/3). Let h = y + -19. Calculate the remainder when 60 is divided by h.
18
Let a(n) = -11*n - 117. Calculate the remainder when a(-17) is divided by 24.
22
Suppose -50 + 11 = -x. Suppose 5*f + b - 946 = 4*b, 758 = 4*f - 3*b. Suppose -7*z = 48 - f. Calculate the remainder when x is divided by z.
19
Suppose 5*b + 4*p - 1130 = 0, 9*p = 4*p + 25. Calculate the remainder when b is divided by 16.
14
Let a be -10*3/(-4)*-10. Let o = 87 + a. Calculate the remainder when o is divided by (-6)/(3*(-1)/2).
0
Calculate the remainder when 241 is divided by -65*22/(-55)*(-2)/(-4).
7
Suppose w + 2 = 0, -6*z + 3*w = -z - 101. Let q = 6 - 2. Suppose -x + q*x = 111. What is the remainder when x is divided by z?
18
Let l = -992 - -1877. Calculate the remainder when l is divided by 37.
34
Suppose 9*v - 912 + 696 = 0. What is the remainder when 298 is divided by v?
10
Let s = 2674 - 1209. What is the remainder when s is divided by 113?
109
Suppose 3*i - 1703 - 439 = 0. Calculate the remainder when i is divided by 12.
6
Let r(m) = 9*m - 15. Let o be r(7). Let j = o + 71. What is the remainder when j is divided by 30?
29
Let n = -930 - -1419. What is the remainder when n is divided by 98?
97
Suppose 3*b - 77 = 4*g, 2*b + 4 = 3*b + 3*g. Calculate the remainder when 53 is divided by b.
15
Let b be (-133)/(-21) - (-4)/6. Let q = 12 - b. Let f = q + 9. Calculate the remainder when 53 is divided by f.
11
Let c(h) = -4*h**2 + 9*h - 11. Let x(t) = -t**2 + t - 1. Let m(y) = -c(y) + 5*x(y). Let d be 15*(-1 + 4/6). What is the remainder when 1 is divided by m(d)?
0
Calculate the remainder when (-1 - -2)/(3*5/2265) is divided by 46.
13
Let r(j) = -j - 4. Let f = 2842 - 2836. Calculate the remainder when f is divided by r(-6).
0
Let q(j) = 22*j**2 - 7*j + 8. Let g = -8 - -12. What is the remainder when q(1) is divided by g?
3
Let n = 26 - 26. Suppose n = 5*r + r - 42. What is the remainder when 25 is divided by r?
4
Suppose -6 = -3*h, 0 = r - 2*h - 33 - 22. What is the remainder when r is divided by 33?
26
Suppose -9 - 11 = -4*a. Calculate the remainder when 29*((-4)/18 + (-22)/(-18)) is divided by a.
4
Let d(p) = 14*p**2 + 6*p - 7. Calculate the remainder when d(2) is divided by 7.
5
Suppose -13*x + 34 = -11*x. Let h be ((-2)/4)/((-3)/312). Suppose -3*r + 44 = -h. Calculate the remainder when r is divide